{"id":461,"date":"2023-11-27T17:05:18","date_gmt":"2023-11-27T17:05:18","guid":{"rendered":"https:\/\/biosferacaboverde.com\/fogo\/?page_id=461"},"modified":"2025-03-31T19:46:34","modified_gmt":"2025-03-31T19:46:34","slug":"residentes-locais","status":"publish","type":"page","link":"https:\/\/biosferacaboverde.com\/fogo\/intro\/participe\/residentes-locais\/","title":{"rendered":"Residentes Locais"},"content":{"rendered":"\t\t<div data-elementor-type=\"wp-page\" data-elementor-id=\"461\" class=\"elementor elementor-461\" data-elementor-post-type=\"page\">\n\t\t\t\t<div class=\"elementor-element elementor-element-1f45af e-flex e-con-boxed e-con e-parent\" data-id=\"1f45af\" data-element_type=\"container\" data-settings=\"{&quot;background_background&quot;:&quot;classic&quot;}\">\n\t\t\t\t\t<div class=\"e-con-inner\">\n\t\t\t\t<div class=\"elementor-element elementor-element-71a1f114 elementor-widget elementor-widget-heading\" data-id=\"71a1f114\" data-element_type=\"widget\" data-widget_type=\"heading.default\">\n\t\t\t\t\t<h2 class=\"elementor-heading-title elementor-size-default\">Residentes Locais<\/h2>\t\t\t\t<\/div>\n\t\t\t\t\t<\/div>\n\t\t\t\t<\/div>\n\t\t<div class=\"elementor-element elementor-element-5a09e575 e-flex e-con-boxed e-con e-parent\" data-id=\"5a09e575\" data-element_type=\"container\">\n\t\t\t\t\t<div class=\"e-con-inner\">\n\t\t\t\t<div class=\"elementor-element elementor-element-1843ceaf elementor-widget elementor-widget-heading\" data-id=\"1843ceaf\" data-element_type=\"widget\" data-widget_type=\"heading.default\">\n\t\t\t\t\t<h2 class=\"elementor-heading-title elementor-size-default\">Este espa\u00e7o \u00e9 uma celebra\u00e7\u00e3o da comunidade foguense e do seu papel crucial na preserva\u00e7\u00e3o da biosfera da ilha.<\/h2>\t\t\t\t<\/div>\n\t\t\t\t<div class=\"elementor-element elementor-element-792fbec elementor-widget elementor-widget-text-editor\" data-id=\"792fbec\" data-element_type=\"widget\" data-widget_type=\"text-editor.default\">\n\t\t\t\t\t\t\t\t\t<p>Aqui, reconhecemos a import\u00e2ncia de cada morador na constru\u00e7\u00e3o de um futuro sustent\u00e1vel e partilhamos iniciativas e hist\u00f3rias que demonstram o poder da a\u00e7\u00e3o local. Juntos, podemos fazer da Ilha do Fogo um exemplo de sustentabilidade e harmonia com a natureza.<\/p>\t\t\t\t\t\t\t\t<\/div>\n\t\t\t\t\t<\/div>\n\t\t\t\t<\/div>\n\t\t<div class=\"elementor-element elementor-element-70a55b8 e-flex e-con-boxed e-con e-parent\" data-id=\"70a55b8\" data-element_type=\"container\">\n\t\t\t\t\t<div class=\"e-con-inner\">\n\t\t\t\t<div class=\"elementor-element elementor-element-7d0f0cc6 elementor-grid-3 elementor-grid-tablet-2 elementor-grid-mobile-1 elementor-posts--thumbnail-top elementor-widget elementor-widget-posts\" data-id=\"7d0f0cc6\" data-element_type=\"widget\" data-settings=\"{&quot;classic_columns&quot;:&quot;3&quot;,&quot;classic_columns_tablet&quot;:&quot;2&quot;,&quot;classic_columns_mobile&quot;:&quot;1&quot;,&quot;classic_row_gap&quot;:{&quot;unit&quot;:&quot;px&quot;,&quot;size&quot;:35,&quot;sizes&quot;:[]},&quot;classic_row_gap_tablet&quot;:{&quot;unit&quot;:&quot;px&quot;,&quot;size&quot;:&quot;&quot;,&quot;sizes&quot;:[]},&quot;classic_row_gap_mobile&quot;:{&quot;unit&quot;:&quot;px&quot;,&quot;size&quot;:&quot;&quot;,&quot;sizes&quot;:[]}}\" data-widget_type=\"posts.classic\">\n\t\t\t\t<div class=\"elementor-widget-container\">\n\t\t\t\t\t\t\t<div class=\"elementor-posts-container elementor-posts elementor-posts--skin-classic elementor-grid\">\n\t\t\t\t<article class=\"elementor-post elementor-grid-item post-472 post type-post status-publish format-standard has-post-thumbnail hentry category-residentes\">\n\t\t\t\t<a class=\"elementor-post__thumbnail__link\" href=\"https:\/\/biosferacaboverde.com\/fogo\/rumo-a-um-futuro-sustentavel-ilha-do-fogo-luta-contra-o-plastico\/\" tabindex=\"-1\" >\n\t\t\t<div class=\"elementor-post__thumbnail\"><img fetchpriority=\"high\" decoding=\"async\" width=\"300\" height=\"200\" src=\"https:\/\/biosferacaboverde.com\/fogo\/wp-content\/uploads\/2023\/10\/aerial-view-of-tarrafal-coast-ponta-de-atum-in-s-2021-09-02-12-43-30-utc-300x200.jpg\" class=\"attachment-medium size-medium wp-image-370\" alt=\"\" srcset=\"https:\/\/biosferacaboverde.com\/fogo\/wp-content\/uploads\/2023\/10\/aerial-view-of-tarrafal-coast-ponta-de-atum-in-s-2021-09-02-12-43-30-utc-300x200.jpg 300w, https:\/\/biosferacaboverde.com\/fogo\/wp-content\/uploads\/2023\/10\/aerial-view-of-tarrafal-coast-ponta-de-atum-in-s-2021-09-02-12-43-30-utc-1024x682.jpg 1024w, https:\/\/biosferacaboverde.com\/fogo\/wp-content\/uploads\/2023\/10\/aerial-view-of-tarrafal-coast-ponta-de-atum-in-s-2021-09-02-12-43-30-utc-768x511.jpg 768w, https:\/\/biosferacaboverde.com\/fogo\/wp-content\/uploads\/2023\/10\/aerial-view-of-tarrafal-coast-ponta-de-atum-in-s-2021-09-02-12-43-30-utc-1536x1023.jpg 1536w, https:\/\/biosferacaboverde.com\/fogo\/wp-content\/uploads\/2023\/10\/aerial-view-of-tarrafal-coast-ponta-de-atum-in-s-2021-09-02-12-43-30-utc-2048x1364.jpg 2048w\" sizes=\"(max-width: 300px) 100vw, 300px\" \/><\/div>\n\t\t<\/a>\n\t\t\t\t<div class=\"elementor-post__text\">\n\t\t\t\t<h3 class=\"elementor-post__title\">\n\t\t\t<a href=\"https:\/\/biosferacaboverde.com\/fogo\/rumo-a-um-futuro-sustentavel-ilha-do-fogo-luta-contra-o-plastico\/\" >\n\t\t\t\tRumo a um Futuro Sustent\u00e1vel: Ilha do Fogo Luta Contra o Pl\u00e1stico\t\t\t<\/a>\n\t\t<\/h3>\n\t\t\t\t<div class=\"elementor-post__meta-data\">\n\t\t\t\t\t<span class=\"elementor-post-date\">\n\t\t\tNovembro 27, 2023\t\t<\/span>\n\t\t\t\t<span class=\"elementor-post-avatar\">\n\t\t\tSem coment\u00e1rios\t\t<\/span>\n\t\t\t\t<\/div>\n\t\t\t\t<div class=\"elementor-post__excerpt\">\n\t\t\t<p>A Ilha do Fogo est\u00e1 a caminho de se tornar um exemplo na luta contra a polui\u00e7\u00e3o por pl\u00e1stico. Com a iniciativa &#8216;Ilha Livre de Pl\u00e1stico&#8217;, os moradores est\u00e3o a mobilizar-se para reduzir o uso de pl\u00e1sticos descart\u00e1veis e aumentar a reciclagem. Escolas, empresas e organiza\u00e7\u00f5es locais est\u00e3o a juntar-se a este movimento, implementando pol\u00edticas de zero pl\u00e1stico e promovendo alternativas sustent\u00e1veis. Este esfor\u00e7o coletivo n\u00e3o s\u00f3 contribui para a limpeza das nossas praias e preserva\u00e7\u00e3o da biodiversidade marinha, mas tamb\u00e9m promove uma consci\u00eancia ambiental mais forte entre os foguenses.<\/p>\n\t\t<\/div>\n\t\t\n\t\t<a class=\"elementor-post__read-more\" href=\"https:\/\/biosferacaboverde.com\/fogo\/rumo-a-um-futuro-sustentavel-ilha-do-fogo-luta-contra-o-plastico\/\" aria-label=\"Read more about Rumo a um Futuro Sustent\u00e1vel: Ilha do Fogo Luta Contra o Pl\u00e1stico\" tabindex=\"-1\" >\n\t\t\tLer mais \u00bb\t\t<\/a>\n\n\t\t\t\t<\/div>\n\t\t\t\t<\/article>\n\t\t\t\t<article class=\"elementor-post elementor-grid-item post-470 post type-post status-publish format-standard has-post-thumbnail hentry category-residentes\">\n\t\t\t\t<a class=\"elementor-post__thumbnail__link\" href=\"https:\/\/biosferacaboverde.com\/fogo\/compromisso-verde-moradores-da-ilha-do-fogo-unem-se-para-proteger-a-natureza\/\" tabindex=\"-1\" >\n\t\t\t<div class=\"elementor-post__thumbnail\"><img decoding=\"async\" width=\"300\" height=\"200\" src=\"https:\/\/biosferacaboverde.com\/fogo\/wp-content\/uploads\/2023\/10\/man-enjoying-impressive-mountainscape-arid-canyon-2021-08-27-09-46-15-utc-300x200.jpg\" class=\"attachment-medium size-medium wp-image-356\" alt=\"\" srcset=\"https:\/\/biosferacaboverde.com\/fogo\/wp-content\/uploads\/2023\/10\/man-enjoying-impressive-mountainscape-arid-canyon-2021-08-27-09-46-15-utc-300x200.jpg 300w, https:\/\/biosferacaboverde.com\/fogo\/wp-content\/uploads\/2023\/10\/man-enjoying-impressive-mountainscape-arid-canyon-2021-08-27-09-46-15-utc-1024x682.jpg 1024w, https:\/\/biosferacaboverde.com\/fogo\/wp-content\/uploads\/2023\/10\/man-enjoying-impressive-mountainscape-arid-canyon-2021-08-27-09-46-15-utc-768x512.jpg 768w, https:\/\/biosferacaboverde.com\/fogo\/wp-content\/uploads\/2023\/10\/man-enjoying-impressive-mountainscape-arid-canyon-2021-08-27-09-46-15-utc-1536x1024.jpg 1536w, https:\/\/biosferacaboverde.com\/fogo\/wp-content\/uploads\/2023\/10\/man-enjoying-impressive-mountainscape-arid-canyon-2021-08-27-09-46-15-utc-2048x1365.jpg 2048w\" sizes=\"(max-width: 300px) 100vw, 300px\" \/><\/div>\n\t\t<\/a>\n\t\t\t\t<div class=\"elementor-post__text\">\n\t\t\t\t<h3 class=\"elementor-post__title\">\n\t\t\t<a href=\"https:\/\/biosferacaboverde.com\/fogo\/compromisso-verde-moradores-da-ilha-do-fogo-unem-se-para-proteger-a-natureza\/\" >\n\t\t\t\tCompromisso Verde: Moradores da Ilha do Fogo Unem-se para Proteger a Natureza\t\t\t<\/a>\n\t\t<\/h3>\n\t\t\t\t<div class=\"elementor-post__meta-data\">\n\t\t\t\t\t<span class=\"elementor-post-date\">\n\t\t\tNovembro 27, 2023\t\t<\/span>\n\t\t\t\t<span class=\"elementor-post-avatar\">\n\t\t\tSem coment\u00e1rios\t\t<\/span>\n\t\t\t\t<\/div>\n\t\t\t\t<div class=\"elementor-post__excerpt\">\n\t\t\t<p>Na Ilha do Fogo, a comunidade est\u00e1 a dar um passo \u00e0 frente no compromisso com o meio ambiente. &#8216;Fa\u00e7a Sua Promessa pela Natureza&#8217; \u00e9 uma iniciativa que incentiva os moradores locais a adotarem pr\u00e1ticas sustent\u00e1veis no seu dia a dia. Desde a redu\u00e7\u00e3o do consumo de \u00e1gua at\u00e9 o cultivo de hortas dom\u00e9sticas, cada promessa \u00e9 um passo em dire\u00e7\u00e3o a um futuro mais verde. Esta campanha n\u00e3o \u00e9 apenas sobre a\u00e7\u00f5es individuais, mas sobre criar uma onda de mudan\u00e7a positiva em toda a ilha, refor\u00e7ando o la\u00e7o entre a comunidade e o ambiente natural que a rodeia.<\/p>\n\t\t<\/div>\n\t\t\n\t\t<a class=\"elementor-post__read-more\" href=\"https:\/\/biosferacaboverde.com\/fogo\/compromisso-verde-moradores-da-ilha-do-fogo-unem-se-para-proteger-a-natureza\/\" aria-label=\"Read more about Compromisso Verde: Moradores da Ilha do Fogo Unem-se para Proteger a Natureza\" tabindex=\"-1\" >\n\t\t\tLer mais \u00bb\t\t<\/a>\n\n\t\t\t\t<\/div>\n\t\t\t\t<\/article>\n\t\t\t\t<\/div>\n\t\t\n\t\t\t\t\t\t<\/div>\n\t\t\t\t<\/div>\n\t\t\t\t\t<\/div>\n\t\t\t\t<\/div>\n\t\t<div class=\"elementor-element elementor-element-7af147d9 e-flex e-con-boxed e-con e-parent\" data-id=\"7af147d9\" data-element_type=\"container\" data-settings=\"{&quot;background_background&quot;:&quot;classic&quot;}\">\n\t\t\t\t\t<div class=\"e-con-inner\">\n\t\t\t\t<div class=\"elementor-element elementor-element-31d74905 elementor-widget elementor-widget-heading\" data-id=\"31d74905\" data-element_type=\"widget\" data-widget_type=\"heading.default\">\n\t\t\t\t\t<h2 class=\"elementor-heading-title elementor-size-default\">Criando as condi\u00e7\u00f5es para que as pessoas e a natureza prosperem juntas<\/h2>\t\t\t\t<\/div>\n\t\t\t\t<div class=\"elementor-element elementor-element-7bb18bd3 elementor-widget elementor-widget-button\" data-id=\"7bb18bd3\" data-element_type=\"widget\" data-widget_type=\"button.default\">\n\t\t\t\t\t\t\t\t\t\t<a class=\"elementor-button elementor-button-link elementor-size-sm\" href=\"https:\/\/biosferacaboverde.com\/fogo\/reserva\/\">\n\t\t\t\t\t\t<span class=\"elementor-button-content-wrapper\">\n\t\t\t\t\t\t\t\t\t<span class=\"elementor-button-text\">Sobre a Reserva<\/span>\n\t\t\t\t\t<\/span>\n\t\t\t\t\t<\/a>\n\t\t\t\t\t\t\t\t<\/div>\n\t\t\t\t\t<\/div>\n\t\t\t\t<\/div>\n\t\t\t\t<\/div>\n\t\t","protected":false},"excerpt":{"rendered":"<p>Este espa\u00e7o \u00e9 uma celebra\u00e7\u00e3o da comunidade foguense e do seu papel crucial na preserva\u00e7\u00e3o da biosfera da ilha. Aqui, reconhecemos a import\u00e2ncia de cada morador na constru\u00e7\u00e3o de um futuro sustent\u00e1vel e partilhamos iniciativas e hist\u00f3rias que demonstram o poder da a\u00e7\u00e3o local. Juntos, podemos fazer da Ilha do Fogo um exemplo de sustentabilidade [&hellip;]<\/p>\n","protected":false},"author":1,"featured_media":1456,"parent":57,"menu_order":3,"comment_status":"closed","ping_status":"closed","template":"","meta":{"footnotes":""},"class_list":["post-461","page","type-page","status-publish","has-post-thumbnail","hentry"],"_links":{"self":[{"href":"https:\/\/biosferacaboverde.com\/fogo\/wp-json\/wp\/v2\/pages\/461","targetHints":{"allow":["GET"]}}],"collection":[{"href":"https:\/\/biosferacaboverde.com\/fogo\/wp-json\/wp\/v2\/pages"}],"about":[{"href":"https:\/\/biosferacaboverde.com\/fogo\/wp-json\/wp\/v2\/types\/page"}],"author":[{"embeddable":true,"href":"https:\/\/biosferacaboverde.com\/fogo\/wp-json\/wp\/v2\/users\/1"}],"replies":[{"embeddable":true,"href":"https:\/\/biosferacaboverde.com\/fogo\/wp-json\/wp\/v2\/comments?post=461"}],"version-history":[{"count":19,"href":"https:\/\/biosferacaboverde.com\/fogo\/wp-json\/wp\/v2\/pages\/461\/revisions"}],"predecessor-version":[{"id":1477,"href":"https:\/\/biosferacaboverde.com\/fogo\/wp-json\/wp\/v2\/pages\/461\/revisions\/1477"}],"up":[{"embeddable":true,"href":"https:\/\/biosferacaboverde.com\/fogo\/wp-json\/wp\/v2\/pages\/57"}],"wp:featuredmedia":[{"embeddable":true,"href":"https:\/\/biosferacaboverde.com\/fogo\/wp-json\/wp\/v2\/media\/1456"}],"wp:attachment":[{"href":"https:\/\/biosferacaboverde.com\/fogo\/wp-json\/wp\/v2\/media?parent=461"}],"curies":[{"name":"wp","href":"https:\/\/api.w.org\/{rel}","templated":true}]}}